= -5*r + 2*r - 5*r + 2 - r. Let d(j) = -3*b(j) + 7*g(j). Calculate d(-2).
3
Let k(v) = -11*v**2 - 9*v + 26. Let w(p) = 4*p**2 + 3*p - 9. Let c(g) = 6*k(g) + 17*w(g). Calculate c(2).
5
Let b(o) = 2*o**3 + 0*o**3 + 2*o**3 - 3*o**3 + 4 + 3*o**2 + o. Suppose 2*g = -0*g - 6. Calculate b(g).
1
Let q(c) = -c**2 - 5*c - 3. Let v = 5 + -14. Let j(s) = s**3 + 8*s**2 - 10*s - 5. Let d be j(v). Suppose 15 = -d*i - 3*y + 7, 0 = 4*i - 2*y + 8. What is q(i)?
3
Let t = -4 - -5. Let i = -5 + 7. Let z(o) = -2*o + 1 - 2*o**2 + 0*o**i + o. Calculate z(t).
-2
Suppose 4*u - 2 = 6. Let s(v) be the first derivative of 5*v**2/2 - v - 98. What is s(u)?
9
Suppose -3*t - 3*j = 9, 25 = 5*t - 2*j - j. Let g(u) = -u**2 + 5*u - 6. Let s(y) = y - 1. Let n(i) = -2*g(i) + 10*s(i). Give n(t).
10
Let g(z) = -2*z**2 - 7 - z + 2*z + 2 + z**2. Let l(t) = -1. Let d(q) = g(q) - 3*l(q). Let h(j) be the first derivative of d(j). Calculate h(3).
-5
Let i(f) = f**3 - 5*f. Let n(s) = -3*s. Let t(j) = -3*i(j) + 5*n(j). Suppose 12 = -3*q, -3*u = q - 5*q - 13. Give t(u).
3
Let d(b) = -b**3 + b**2 + 2*b - 1. Suppose -4*k - 20 + 28 = 0. What is d(k)?
-1
Suppose -5*m + 5 = 4*z, -2*z - 3 + 1 = 4*m. Let p(i) = 7*i + 5*i - 10*i - 1. Determine p(z).
9
Let y(l) = l**3 - 4*l**2 - 6*l + 4. Let n(w) = w**2 - 4*w + 5. Let g be n(4). Suppose 0*r + r - g = 0. Calculate y(r).
-1
Let b(j) = j**2 - j - 7. Suppose 0 = -5*t - 3*y - 15, -10 = -0*t - t + 2*y. Give b(t).
-7
Let y(h) = h. Let s = 7 + -4. Let o be y(s). Let n(w) = w - 4. Calculate n(o).
-1
Let m(q) = -6*q**3 - q**2 + 1. Let a = 47 - 48. Determine m(a).
6
Let l be (-1 - 0) + (3 - 1). Let b(p) = -5 + p - 2*p - l. Let i = -201 - -197. Give b(i).
-2
Let d(t) = 2*t**2 - 2*t + 2. Let b(i) = -2*i**2 + i - 2. Let k(s) = 2*b(s) + 3*d(s). Let n be ((-1)/1*0)/(-2). Suppose 2*a - 3 - 3 = n. What is k(a)?
8
Let g be 1/(-2) + 56/16. Let i(h) = -h + 1. Let a(z) = -2*z. Let s(v) = a(v) - 3*i(v). What is s(g)?
0
Let l(x) = -x**3 + 7*x**2 - 9*x + 5. Let n be 3/((-12)/(-8)) - -1. Let d be (1/n)/(3/54). Calculate l(d).
-13
Let l(a) = a**3 + 8*a**2 + 2*a + 10. Let b be l(-8). Let w(c) = -c**2 - 6*c. What is w(b)?
0
Let f(r) = -8*r**3 + r**2 - r + 1. Let d = -16 - -20. Suppose 0 = d*y - 4. Determine f(y).
-7
Let x(m) = m**2 - 5. Let n(s) = 2. Let f(j) = 5*n(j) + 2*x(j). Calculate f(-1).
2
Suppose 33*t + 30 = 28*t. Let a(w) be the third derivative of -w**5/60 - 7*w**4/24 - 5*w**3/6 - 2*w**2. What is a(t)?
1
Let w be ((-2)/(-5))/((-1)/(-5)). Let b be -3 + -1 + (-2 - -9). Let g(l) = 3 - w + 0 - 2*l - b. Give g(-2).
2
Let w(x) = -x - 1. Let i = 0 + 3. Suppose i*z = -z - 12. What is w(z)?
2
Let c(i) = i**3 - 2*i**2 - 2*i + 2. Let m be 0 + (-4)/3*(-12)/(-8). What is c(m)?
-10
Let c(m) be the first derivative of -m**2/2 + 2*m + 1. Suppose 2*o - 16 = -2*o. Calculate c(o).
-2
Let t(s) be the first derivative of s**4/4 + 7*s**3/3 + 7*s**2/2 + 4*s - 21. What is t(-6)?
-2
Let g(p) = -p**3 + 3*p**2 + 4*p - 6. Let o be g(4). Let x(l) = -l**3 - 5*l**2 + 4*l - 6. Give x(o).
6
Suppose 2*r + 2 = 4*r. Let b be r*(0 + 1) + -3. Let t(k) = -3 + 2*k**2 - k**2 + 1. Determine t(b).
2
Let b(m) = -4*m**3 + m**2 + 2*m + 1. Let f(v) = -v**3 - v**2 + v. Let c(w) = b(w) - 3*f(w). What is c(4)?
-3
Suppose -3*k + 4 = 1. Let j(v) = k + 8*v**2 - 4*v**2 + v + 0*v**2 + 5*v**2. Give j(-1).
9
Let r(g) = 2 + 1 - 5*g**2 + g**3 + 2*g + 0. Suppose 0 = 5*h - 10*h - 2*l + 12, l + 4 = 0. Calculate r(h).
-5
Let p(i) = i + 2. Let d be p(-6). Let m(t) be the second derivative of -t**5/20 - t**4/4 + 2*t**3/3 - t. Determine m(d).
0
Let o(p) = 12*p**3 - p**2 + p - 1. Let x be 8/20 - 3/(-5). Give o(x).
11
Let v(g) = 3*g - 2. Let d be (-9*(-8)/12)/2. Determine v(d).
7
Let m(u) be the second derivative of 0 - 3/2*u**2 - 1/3*u**3 + 4*u. Give m(5).
-13
Let n(p) be the first derivative of -p**4/4 + 5*p**3/3 - 3*p**2/2 - 4*p + 3. Determine n(3).
5
Let z be (6/4)/(-1)*-2. Suppose -4*p + 2*t + 20 = 0, -3 = 3*p - t - 17. Let g(f) = -4*f + 2*f - p + 4*f. What is g(z)?
2
Let s(y) = 74 + 2*y - y - 72. Let o be (-98)/21 + (-2)/(-3). Determine s(o).
-2
Let y = 8 + -10. Let a(j) be the second derivative of -1/6*j**4 + 1/6*j**3 - 1/2*j**2 - 1/10*j**5 + 0 - 2*j. Determine a(y).
5
Let t(s) be the third derivative of -1/60*s**5 + 0*s - 5/24*s**4 + 7*s**2 + 1/3*s**3 + 0. Determine t(-4).
6
Suppose -4*j - 4*l = -28, -3*l = 5*j - 3*j - 18. Let q(h) = -h + h**3 + 0*h**j + h**2 - 2*h**3 - 2. What is q(0)?
-2
Let u(s) = -s**3 - 2*s**2 + 2*s + 1. Let i be u(-3). Let z(w) = 3 - 7 + 7*w - w**3 + 0*w + 2*w**2 - 1 + 0*w**2. Give z(i).
-9
Let y = -8 - -6. Let b(p) be the first derivative of -p**3/3 - p**2/2 + p + 2. Give b(y).
-1
Let x be -1*2/(-2) - -2. Let v(h) = -6*h**2 + 4 + h**2 + h**3 + h**2 + x - 6*h. What is v(5)?
2
Suppose -28 = 2*u - 4*o, 4*u + 6 = -3*o - 6. Let l be u/(-15) + (-54)/(-15). Let n(h) = 0 - 2 - h - h - h**3 + 4*h**2 + 3*h. Calculate n(l).
2
Let t = 13 - 7. Let r = t - 2. Let p be r/4 + 2 + 1. Let c(o) = -o**2 + 3*o + 5. Calculate c(p).
1
Let w(r) = -r**3 + 6*r**2 - 5*r - 3. Let f = -27 + 31. What is w(f)?
9
Let m be 5 - (-1 - (0 + -3)). Let x(v) = -m*v**3 + 5*v**3 - v**3 + 2. Give x(0).
2
Let d(p) = 2*p**2 + p + 4*p + 4 - 1. Let h = -2 + -1. Determine d(h).
6
Let m(c) = -c - 3. Let u(j) = 4*j + 9. Let g(x) = -7*m(x) - 2*u(x). Determine g(2).
1
Let o(p) = -2 + 0*p**2 - 2*p**2 - 2*p + 1. Let l be o(-2). Let r(d) = -2 + 10 + 2*d + 0*d - 1. What is r(l)?
-3
Let u(k) be the first derivative of k**3/3 - 26. Suppose o + 4 = -2*m, 4*o = -2*m - 0*m + 2. Calculate u(m).
9
Let x(u) = 2*u + 1. Let h(b) = -6*b - 2. Let r(o) = -3*h(o) - 8*x(o). Calculate r(3).
4
Let a(z) = -5*z**2 - z. Let r be 1 + -2 - (-8)/4. Calculate a(r).
-6
Let b(q) be the second derivative of -q**4/2 - q**3/6 + q**2/2 + 8*q. What is b(1)?
-6
Let l(t) = -t**2 - 1. Let x(y) = -4*y**2 + y - 5. Let u(z) = -9*l(z) + 2*x(z). Give u(-2).
-1
Let s(f) = -f**3 - f**2 + f. Suppose 2*u + 3*z = 4 + 3, 0 = 5*u - 5*z + 20. Let y be (-2 + u)*(-6)/(-9). Calculate s(y).
2
Suppose 4*b = -5*u - 14, 5*b + 34 = -0*u + 2*u. Let f be b/(-15) - (-54)/(-10). Let v(h) = -h - 4. Calculate v(f).
1
Suppose 3 = -v + 2. Let f(w) = 337*w + 0*w**3 + 3*w**2 - w**3 - 336*w - 4*w**2 + 1. Determine f(v).
0
Let j(v) = -v**3 + v**2 - v - 5. Let c be j(0). Let w(y) = -y - 3. Calculate w(c).
2
Let d = 22 - 16. Let f(y) = y + 8. Let g be f(0). Let r(b) = -5 - d*b + g - 6*b**2 + 0*b - b**3 + b. Give r(-5).
3
Suppose 3*u - 22 = 2*s, 3*s - 3 + 22 = u. Let r(h) = 2*h**2 + h + 1 + 3*h - 3*h**2. Give r(u).
1
Let t(i) = -i**2 - 1. Let n(v) = -5*v**2 + 9*v - 10. Let y(f) = -n(f) + 4*t(f). What is y(8)?
-2
Let m(a) = 8*a + 1. Let k = 5 + -5. Let w = k - 1. Calculate m(w).
-7
Let t(c) = -c**2 - 2*c + 5. Let b be t(0). Let g(a) be the first derivative of b*a + 0*a**2 + 3 + 1/3*a**3. Determine g(0).
5
Let o(s) = 3*s**2 - 2. Suppose 4*x + 2*b + 4 = 2*x, -2*b - 10 = -4*x. Let t be (-1)/(x/(3 + -11)). Suppose 0*w + m = -4*w + t, 0 = -3*m. Determine o(w).
10
Let k(x) be the second derivative of 5*x**3/6 - x**2/2 - x. Let m(a) = -7*a + 124. Let w be m(18). Give k(w).
-11
Let f(v) = -v + 8. Let s be ((-36)/16)/((-6)/16). Suppose 2*n + s = -0. Let i be n/(-2)*(-8)/(-3). Calculate f(i).
4
Let u(z) = -z + 7. Let a(y) = y - 1. Let l be a(1). Suppose 4*b - 16 = -l*b. Let m be 2/b*-2*-5. Give u(m).
2
Let t be 2/(-3) + (-154)/(-6). Suppose 3*s - 8*s + t = 0. Let w(p) = -6*p - 18 - 28 + p**2 + 46. Give w(s).
-5
Let r(d) be the second derivative of -d**5/10 - d**4/4 + d**3/2 - d**2 - 7*d. What is r(2)?
-24
Let h(w) = 3*w**3 + 5*w**2 - 9*w - 7. Let j(z) = 2*z**3 + 5*z**2 - 8*z - 6. Let y(m) = 3*h(m) - 4*j(m). Determine y(4).
7
Let j(c) = 8*c - 3 + 17*c - 20*c + c**2 - c**3. Calculate j(3).
-6
Let q(j) = -j**3 + 8*j**2 - 5*j - 9. Let v(f) = -f**2 - 10. Let c be v(0). Let r(p) = -p**2 - 12*p - 13. Let i be r(c). Calculate q(i).
5
Let b(v) = -4*v**2 + v - 1. Suppose -2*i + 3*i = -3*z - 10, 3 = -z. Let m be 9/4 - 4/16. Let j = i + m. Give b(j).
-4
Let s = -16 + 11. Let b be (-2)/s*(-5)/(-1). Let p(j) = -5*j + 2. Let a(m) = -4*m + 2. Let g(n) = 4*a(n) - 3*p(n). Determine g(b).
0
Suppose -2*v - 44 = 2*v. Let r = -6 - v. Let z = -8 + r. Let i(l) = -l**2 - 4*l - 1. Give i(z).
2
Let k(n) = -7*n**2 - 5*n + 11. Let o(r) = 20*r**2 + 15*r - 32. Le